{"id":28,"date":"2025-10-07T08:24:14","date_gmt":"2025-10-07T11:24:14","guid":{"rendered":"https:\/\/jornaldapuc.vrc.puc-rio.br\/?page_id=2"},"modified":"2026-03-15T17:43:04","modified_gmt":"2026-03-15T20:43:04","slug":"home","status":"publish","type":"page","link":"https:\/\/wwwt.radiopuc.vrc.puc-rio.br\/","title":{"rendered":"Home"},"content":{"rendered":"<p>[et_pb_section fb_built=&#8221;1&#8243; admin_label=&#8221;section&#8221; _builder_version=&#8221;4.25.0&#8243; custom_margin=&#8221;0px||0px||false|false&#8221; custom_padding=&#8221;20px||50px||false|false&#8221; global_colors_info=&#8221;{}&#8221;][et_pb_row admin_label=&#8221;row&#8221; _builder_version=&#8221;4.25.0&#8243; background_size=&#8221;initial&#8221; background_position=&#8221;top_left&#8221; background_repeat=&#8221;repeat&#8221; custom_margin=&#8221;0px||0px||false|false&#8221; custom_padding=&#8221;0px||0px||false|false&#8221; global_colors_info=&#8221;{}&#8221;][et_pb_column type=&#8221;4_4&#8243; _builder_version=&#8221;4.16&#8243; custom_padding=&#8221;|||&#8221; global_colors_info=&#8221;{}&#8221; custom_padding__hover=&#8221;|||&#8221;][et_pb_code _builder_version=&#8221;4.25.0&#8243; _module_preset=&#8221;default&#8221; global_colors_info=&#8221;{}&#8221;][\/et_pb_code][\/et_pb_column][\/et_pb_row][et_pb_row column_structure=&#8221;1_4,3_4&#8243; disabled_on=&#8221;off|off|off&#8221; _builder_version=&#8221;4.25.0&#8243; _module_preset=&#8221;default&#8221; custom_margin=&#8221;60px||0px||false|false&#8221; custom_padding=&#8221;0px||0px||false|false&#8221; global_colors_info=&#8221;{}&#8221;][et_pb_column type=&#8221;1_4&#8243; _builder_version=&#8221;4.25.0&#8243; _module_preset=&#8221;default&#8221; global_colors_info=&#8221;{}&#8221;][et_pb_text _builder_version=&#8221;4.25.0&#8243; _module_preset=&#8221;default&#8221; text_font=&#8221;&#8211;et_global_body_font||||||||&#8221; text_font_size=&#8221;16px&#8221; text_line_height=&#8221;2em&#8221; custom_margin=&#8221;0px||0px||false|false&#8221; custom_padding=&#8221;0px||0px||false|false&#8221; custom_css_free_form=&#8221;selector blockquote {||    color: #364b94;||    border-left: 2px solid #364b94;||    padding: 0.em;||    margin-left: 0px;||    font-size: 14px;||}&#8221; global_colors_info=&#8221;{}&#8221;]<\/p>\n<blockquote>\n<p><a href=\"https:\/\/pucurgente.com.puc-rio.br\/\" target=\"_blank\" rel=\"noopener\">PUC Urgente<\/a><\/p>\n<p><a href=\"https:\/\/comunicar.vrc.puc-rio.br\/\" target=\"_blank\" rel=\"noopener\">Sobre o Comunicar<\/a><\/p>\n<p><a href=\"https:\/\/wwwt.radiopuc.vrc.puc-rio.br\/quem-somos\/\">Quem somos<\/a><\/p>\n<p><a href=\"https:\/\/jornaldapucespecial.com.puc-rio.br\/\" target=\"_blank\" rel=\"noopener\">Acervo<\/a><\/p>\n<p><a href=\"https:\/\/www.puc-rio.br\/sobrepuc\/admin\/vrc\/\" target=\"_blank\" rel=\"noopener\">Vice-Reitoria Comunit\u00e1ria<\/a><\/p>\n<p><a href=\"https:\/\/wwwt.radiopuc.vrc.puc-rio.br\/link-uteis\/\">Links \u00fateis<\/a><\/p>\n<\/blockquote>\n<p>[\/et_pb_text][\/et_pb_column][et_pb_column type=&#8221;3_4&#8243; _builder_version=&#8221;4.25.0&#8243; _module_preset=&#8221;default&#8221; global_colors_info=&#8221;{}&#8221;][et_pb_blog fullwidth=&#8221;off&#8221; posts_number=&#8221;4&#8243; include_categories=&#8221;all&#8221; show_author=&#8221;off&#8221; show_pagination=&#8221;off&#8221; _builder_version=&#8221;4.25.0&#8243; _module_preset=&#8221;default&#8221; header_line_height=&#8221;1.2em&#8221; body_font_size=&#8221;15px&#8221; body_line_height=&#8221;1.6em&#8221; meta_font=&#8221;||on||||||&#8221; meta_font_size=&#8221;13px&#8221; meta_line_height=&#8221;1.6em&#8221; custom_margin=&#8221;0px||0px||false|false&#8221; custom_padding=&#8221;0px||0px||false|false&#8221; border_color_all=&#8221;#364b94&#8243; border_radii_image=&#8221;on|2px|2px|2px|2px&#8221; global_colors_info=&#8221;{}&#8221;][\/et_pb_blog][\/et_pb_column][\/et_pb_row][\/et_pb_section]<\/p>\n","protected":false},"excerpt":{"rendered":"<p> PUC Urgente Sobre o Comunicar Quem somos Acervo Vice-Reitoria Comunit\u00e1ria Links \u00fateis<\/p>\n","protected":false},"author":1,"featured_media":0,"parent":0,"menu_order":0,"comment_status":"closed","ping_status":"closed","template":"","meta":{"_et_pb_use_builder":"on","_et_pb_old_content":"<!-- wp:paragraph -->\n<p>Esta \u00e9 uma p\u00e1gina de exemplo. \u00c9 diferente de um post no blog porque ela permanecer\u00e1 em um lugar e aparecer\u00e1 na navega\u00e7\u00e3o do seu site na maioria dos temas. Muitas pessoas come\u00e7am com uma p\u00e1gina que as apresenta a poss\u00edveis visitantes do site. Ela pode dizer algo assim:<\/p>\n<!-- \/wp:paragraph -->\n\n<!-- wp:quote -->\n<blockquote class=\"wp-block-quote\"><p>Ol\u00e1! Eu sou um mensageiro de bicicleta durante o dia, ator aspirante \u00e0 noite, e este \u00e9 o meu site. Eu moro em S\u00e3o Paulo, tenho um grande cachorro chamado Rex e gosto de tomar caipirinha (e banhos de chuva).<\/p><\/blockquote>\n<!-- \/wp:quote -->\n\n<!-- wp:paragraph -->\n<p>...ou alguma coisa assim:<\/p>\n<!-- \/wp:paragraph -->\n\n<!-- wp:quote -->\n<blockquote class=\"wp-block-quote\"><p>A Companhia de Miniaturas XYZ foi fundada em 1971, e desde ent\u00e3o tem fornecido miniaturas de qualidade ao p\u00fablico. Localizada na cidade de Itu, a XYZ emprega mais de 2.000 pessoas e faz coisas grandiosas para a comunidade da cidade.<\/p><\/blockquote>\n<!-- \/wp:quote -->\n\n<!-- wp:paragraph -->\n<p>Como um novo usu\u00e1rio do WordPress, voc\u00ea deveria ir ao <a href=\"https:\/\/jornaldapuc.vrc.puc-rio.br\/wp-admin\/\">painel<\/a> para excluir essa p\u00e1gina e criar novas p\u00e1ginas para o seu conte\u00fado. Divirta-se!<\/p>\n<!-- \/wp:paragraph -->","_et_gb_content_width":"","footnotes":""},"class_list":["post-28","page","type-page","status-publish","hentry"],"_links":{"self":[{"href":"https:\/\/wwwt.radiopuc.vrc.puc-rio.br\/index.php?rest_route=\/wp\/v2\/pages\/28","targetHints":{"allow":["GET"]}}],"collection":[{"href":"https:\/\/wwwt.radiopuc.vrc.puc-rio.br\/index.php?rest_route=\/wp\/v2\/pages"}],"about":[{"href":"https:\/\/wwwt.radiopuc.vrc.puc-rio.br\/index.php?rest_route=\/wp\/v2\/types\/page"}],"author":[{"embeddable":true,"href":"https:\/\/wwwt.radiopuc.vrc.puc-rio.br\/index.php?rest_route=\/wp\/v2\/users\/1"}],"replies":[{"embeddable":true,"href":"https:\/\/wwwt.radiopuc.vrc.puc-rio.br\/index.php?rest_route=%2Fwp%2Fv2%2Fcomments&post=28"}],"version-history":[{"count":1,"href":"https:\/\/wwwt.radiopuc.vrc.puc-rio.br\/index.php?rest_route=\/wp\/v2\/pages\/28\/revisions"}],"predecessor-version":[{"id":329,"href":"https:\/\/wwwt.radiopuc.vrc.puc-rio.br\/index.php?rest_route=\/wp\/v2\/pages\/28\/revisions\/329"}],"wp:attachment":[{"href":"https:\/\/wwwt.radiopuc.vrc.puc-rio.br\/index.php?rest_route=%2Fwp%2Fv2%2Fmedia&parent=28"}],"curies":[{"name":"wp","href":"https:\/\/api.w.org\/{rel}","templated":true}]}}